7021 composite?
True
Is 41846056489 prime?
False
Is 643125838 a composite number?
True
Is 47716394237 a prime number?
False
Is 116696950683 a composite number?
True
Is 150284523233 a prime number?
False
Is 11615880477 a composite number?
True
Is 19217845609 a prime number?
True
Is 9955083733 a prime number?
False
Is 4740932081 a prime number?
True
Is 119829077881 a prime number?
True
Is 13152169 a prime number?
False
Is 11036592731 a prime number?
True
Is 173257097 prime?
False
Is 4272199 a prime number?
False
Is 4556946181 composite?
True
Is 692250926 prime?
False
Is 128481683 prime?
False
Is 421148557 a composite number?
True
Is 227817911 composite?
True
Is 5586994297 composite?
False
Is 18358080359 a composite number?
False
Is 18035773181 composite?
True
Is 55156538561 a prime number?
False
Is 2097190597 composite?
True
Is 48908223113 prime?
False
Is 95289622199 composite?
False
Is 598309589 a composite number?
True
Is 6864486437 prime?
False
Is 438300509 a composite number?
True
Is 6330966487 prime?
True
Is 152408174383 prime?
True
Is 2284736451 prime?
False
Is 14372886019 a composite number?
False
Is 8206958051 a prime number?
True
Is 75890152337 a composite number?
False
Is 1399846291 a prime number?
False
Is 10474897891 a prime number?
True
Is 16256699579 a prime number?
False
Is 89891330717 composite?
False
Is 59436939713 a prime number?
True
Is 41207057863 a prime number?
False
Is 257614035539 composite?
True
Is 966061237 a prime number?
False
Is 58887217357 a composite number?
False
Is 14566251407 composite?
True
Is 26716971377 composite?
True
Is 585217433 a composite number?
True
Is 3213334469 a prime number?
True
Is 6885836171 prime?
True
Is 3377442745 a composite number?
True
Is 192061399931 a composite number?
True
Is 2253818381 prime?
True
Is 2748400969 a prime number?
True
Is 1342744721 a composite number?
False
Is 8901030503 composite?
False
Is 14865769 composite?
True
Is 4495527823 composite?
False
Is 669441217 a composite number?
False
Is 27842307693 a prime number?
False
Is 2061662651 a composite number?
False
Is 104832701063 a composite number?
False
Is 353886619 a composite number?
False
Is 115675551011 a prime number?
True
Is 27726531877 a prime number?
False
Is 2926163081 composite?
True
Is 243325567 prime?
False
Is 881653387 composite?
True
Is 2504654519 composite?
False
Is 7163052387 composite?
True
Is 53390593001 a composite number?
False
Is 245601822703 a composite number?
False
Is 95823305301 composite?
True
Is 1753907053 a composite number?
False
Is 1215513973 prime?
False
Is 1937312303 a prime number?
False
Is 7937779951 composite?
True
Is 1596763583 prime?
False
Is 12369341197 prime?
False
Is 3358626823 a prime number?
True
Is 9246477287 composite?
True
Is 136382251 a composite number?
False
Is 23163603767 prime?
True
Is 8623988213 composite?
True
Is 10860143009 a prime number?
True
Is 2211804779 a prime number?
True
Is 1188010787 a composite number?
False
Is 513187613 a composite number?
False
Is 2045465347 prime?
False
Is 12705758531 prime?
False
Is 9679227407 prime?
True
Is 39158113369 a composite number?
True
Is 3167836397 prime?
False
Is 3432589631 a prime number?
True
Is 3552216229 composite?
True
Is 858278107 a composite number?
True
Is 5186820701 composite?
False
Is 117276821383 a prime number?
True
Is 2780766187 prime?
True
Is 20861684293 prime?
True
Is 203667598561 prime?
False
Is 2806190819 a prime number?
True
Is 25791198773 prime?
True
Is 4694797339 composite?
False
Is 18446282681 a prime number?
False
Is 39726765259 composite?
False
Is 40061919979 prime?
False
Is 12329341 a prime number?
False
Is 432705697 a prime number?
False
Is 121901682341 a prime number?
True
Is 66301594279 prime?
False
Is 3300861047 a prime number?
False
Is 24236619527 a prime number?
False
Is 17000603717 a prime number?
True
Is 179326139 composite?
False
Is 133866043 composite?
True
Is 105008786221 composite?
True
Is 774904057 prime?
False
Is 3211559837 prime?
False
Is 606785213 prime?
True
Is 111486383 prime?
True
Is 87550265702 prime?
False
Is 3162125335 a prime number?
False
Is 45411428611 a prime number?
False
Is 28264624579 prime?
True
Is 18579482899 a prime number?
False
Is 762098351 a prime number?
False
Is 7082719549 a composite number?
True
Is 2984829361 a composite number?
False
Is 74794086077 a composite number?
False
Is 113088617 a prime number?
False
Is 39833729717 a prime number?
True
Is 11206856569 a prime number?
False
Is 33528257657 composite?
False
Is 68087785783 composite?
False
Is 109479719399 prime?
False
Is 29221438919 a composite number?
False
Is 41127803713 a prime number?
True
Is 364629241 a prime number?
False
Is 253482905209 a composite number?
False
Is 14380717291 prime?
True
Is 57745487873 a prime number?
False
Is 87557801 a composite number?
True
Is 36130163 a prime number?
False
Is 879224767 a prime number?
True
Is 74181257 composite?
False
Is 5894593681 a prime number?
True
Is 30035294039 a prime number?
True
Is 1715111339 a composite number?
False
Is 2300044739 a composite number?
False
Is 40363231 a composite number?
False
Is 2799790549 a prime number?
True
Is 118939691489 a prime number?
True
Is 52640268661 a prime number?
True
Is 1713708757 composite?
True
Is 543967637 prime?
False
Is 694239817 prime?
True
Is 78063368039 composite?
False
Is 104681187373 composite?
True
Is 9952973633 a prime number?
False
Is 437010481 prime?
False
Is 9110508139 a composite number?
False
Is 41242309163 a composite number?
True
Is 216012281 a prime number?
True
Is 9937790587 composite?
True
Is 529578793 prime?
True
Is 75183798539 a prime number?
False
Is 3320863817 a prime number?
True
Is 48034845445 a prime number?
False
Is 104976116383 composite?
True
Is 56540468519 prime?
False
Is 653300663 a prime number?
False
Is 194977858157 a composite number?
False
Is 4980966007 composite?
False
Is 6512682577 composite?
False
Is 364654111 a prime number?
True
Is 33155737037 a composite number?
True
Is 18696137 a prime number?
False
Is 4846996487 a prime number?
False
Is 1369406231 a prime number?
True
Is 71708482831 prime?
False
Is 1695659447 a composite number?
False
Is 6611381261 a composite number?
False
Is 9541948099 composite?
False
Is 3395935369 composite?
True
Is 10056516629 composite?
False
Is 53725468201 composite?
False
Is 1495241051 prime?
True
Is 69478003691 a composite number?
False
Is 10908663731 prime?
False
Is 15662618449 prime?
False
Is 6888459667 prime?
True
Is 6001828013 composite?
False
Is 590572273 composite?
False
Is 114206933 a prime number?
True
Is 96020697067 prime?
False
Is 22867521869 prime?
True
Is 39029231233 prime?
True
Is 564275953 composite?
False
Is 589189687 prime?
False
Is 50671016966 a composite number?
True
Is 1289936839 a composite number?
False
Is 1173150187 composite?
True
Is 174620093 a composite number?
False
Is 4717603931 prime?
False
Is 55489415869 a prime number?
True
Is 3215154191 a prime number?
True
Is 587660387 prime?
False
Is 272390621 a prime number?
False
Is 4156622497 composite?
True
Is 62313863033 a prime number?
True
Is 22830872683 a prime number?
False
Is 1917923303 composite?
False
Is 15080072089 a composite number?
True
Is 6251972219 a composite number?
False
Is 83063607817 prime?
True
Is 14881822259 prime?
True
Is 4610931167 a prime number?
True
Is 74793676267 prime?
False
Is 161290379039 prime?
True
Is 87847540787 prime?
False
Is 26307795791 composite?
False
Is 912984773 prime?
False
Is 5453643983 a composite number?
False
Is 11457019997 prime?
False
Is 12452686951 composite?
True
Is 612187115 a prime number?
False
Is 9935019811 composite?
False
Is 25715952049 prime?
True
Is 2387846737 composite?
False
Is 284689621 prime?
True
Is 21828719 a composite number?
True
Is 20217422299 composite?
True
Is 1034588851 a composite number?
False
Is 16194491189 prime?
True
Is 36494269967 composite?
False
Is 11822863363 composite?
True
Is 1042911031 composite?
False
Is 11938555879 prime?
False
Is 6293170003 prime?
True
Is 89836871 a prime number?
True
Is 1231421558 a composite number?
True
Is 1351509329 prime?
True
Is 18274735501 a prime number?
False
Is 4958795507 prime?
False
Is 16698882307 composite?
False
Is 735370247 a prime number?
True
Is 2002134391 a prime numb